mmon divisor of 54522 and 3374073.
2097
What is the highest common factor of 4978051 and 897?
299
Calculate the greatest common divisor of 420815 and 7660.
5
Calculate the greatest common divisor of 164366835 and 12890.
6445
Calculate the highest common factor of 576 and 697764288.
192
Calculate the highest common factor of 16748901 and 56277.
4329
Calculate the greatest common divisor of 7666305 and 10.
5
Calculate the greatest common divisor of 3092526 and 54.
54
What is the highest common factor of 16517 and 285963?
199
What is the highest common factor of 3430 and 1695890?
490
Calculate the greatest common factor of 3776865 and 1905.
15
What is the highest common divisor of 6720360 and 615?
15
What is the greatest common factor of 55301670 and 270?
270
Calculate the greatest common factor of 19235 and 19935.
5
What is the highest common factor of 7672764 and 186?
6
Calculate the highest common factor of 23574984 and 49206.
354
Calculate the highest common factor of 29490 and 87487.
983
What is the greatest common factor of 1104698 and 88046?
266
Calculate the greatest common divisor of 30938 and 1143838.
62
Calculate the greatest common divisor of 19504 and 496.
16
What is the highest common factor of 55772591 and 77?
7
What is the highest common factor of 5230179 and 20184?
2523
What is the highest common divisor of 36 and 13498884?
36
What is the greatest common divisor of 858 and 1403765?
11
What is the highest common factor of 8712 and 2090275968?
2904
What is the greatest common divisor of 85452768 and 141?
141
What is the highest common divisor of 1035998 and 14?
2
Calculate the greatest common factor of 69453588 and 2679.
57
Calculate the greatest common divisor of 135879384 and 696.
696
What is the greatest common factor of 1184416 and 1220?
4
What is the greatest common factor of 2474123 and 1576?
197
What is the greatest common factor of 3708750 and 903?
129
Calculate the greatest common divisor of 122776 and 12648.
8
Calculate the greatest common factor of 15262758 and 8642.
58
What is the highest common factor of 286336 and 5319586?
4474
What is the highest common divisor of 147663 and 11259?
81
Calculate the highest common divisor of 793810 and 3140.
10
What is the greatest common divisor of 304 and 72113968?
304
Calculate the greatest common divisor of 156040 and 21640.
40
Calculate the highest common divisor of 878 and 120832994.
878
Calculate the highest common factor of 41658981 and 56.
7
Calculate the highest common divisor of 111760 and 70739.
127
What is the greatest common divisor of 1547 and 1535287?
221
What is the greatest common divisor of 2028 and 32256159?
39
What is the greatest common factor of 258645926 and 334?
334
Calculate the greatest common divisor of 2000 and 31520.
80
What is the highest common factor of 2669 and 3571907?
157
What is the greatest common factor of 316546 and 2842117?
971
Calculate the greatest common divisor of 1033477 and 34121.
229
What is the highest common factor of 3839382 and 6147?
9
Calculate the greatest common factor of 11995397 and 23.
23
What is the greatest common divisor of 4077 and 4527?
9
What is the greatest common divisor of 50882532 and 6555?
1311
What is the greatest common divisor of 159 and 16692297?
159
Calculate the greatest common divisor of 13416 and 98498712.
312
Calculate the highest common divisor of 202651 and 1889641.
1061
Calculate the greatest common divisor of 4632519 and 1419.
129
Calculate the highest common divisor of 2514971 and 183121.
149
Calculate the highest common factor of 120216 and 4552.
8
What is the highest common factor of 24877461 and 19896?
2487
What is the highest common divisor of 5632 and 1809632?
352
What is the highest common factor of 810 and 91199160?
90
Calculate the greatest common factor of 4532805 and 163060.
1315
Calculate the highest common divisor of 166765450 and 2050.
2050
What is the greatest common factor of 1128 and 1231691964?
564
Calculate the greatest common divisor of 788281 and 871.
13
What is the highest common factor of 8864 and 33990116?
1108
What is the greatest common factor of 5355 and 1785714?
357
What is the highest common divisor of 42233671 and 746?
373
What is the highest common divisor of 374 and 20898933?
187
Calculate the greatest common divisor of 10229748 and 80.
4
Calculate the greatest common factor of 2912039625 and 4125.
4125
Calculate the greatest common divisor of 224424645 and 20.
5
What is the highest common divisor of 1221961039 and 52?
13
What is the highest common factor of 10029523 and 372?
31
Calculate the highest common divisor of 3168899 and 26867.
67
Calculate the greatest common divisor of 9 and 6522254.
1
Calculate the highest common factor of 38112198 and 510.
102
What is the greatest common divisor of 180580 and 36?
4
What is the highest common factor of 144 and 35296560?
144
Calculate the greatest common divisor of 16442435 and 1640.
205
Calculate the highest common factor of 243622938 and 516594.
13962
What is the greatest common divisor of 235 and 70482845?
235
What is the highest common divisor of 9 and 189655569?
9
What is the greatest common factor of 18324040 and 3234?
98
What is the highest common divisor of 207 and 4293531?
9
What is the highest common factor of 23660 and 227812?
676
Calculate the greatest common divisor of 201938304 and 7104.
7104
What is the highest common factor of 343 and 401177?
7
What is the greatest common divisor of 416 and 133791983?
13
What is the highest common divisor of 5288214 and 90?
6
What is the highest common factor of 189185385 and 30?
15
What is the highest common divisor of 24912048 and 56?
56
Calculate the highest common factor of 1078 and 5134.
2
What is the greatest common divisor of 246620738 and 2912?
182
Calculate the highest common divisor of 31348420 and 4350.
290
What is the highest common divisor of 250190118 and 26978?
3854
Calculate the highest common divisor of 54 and 35474994.
18
Calculate the highest common factor of 14198947 and 6992.
19
What is the highest common factor of 9172164 and 324?
12
Calculate the greatest common factor of 39432800 and 528.
176
Calculate the highest common divisor of 10780604 and 76.
4
Calculate the highest common divisor of 226260 and 70.
10
Calculate the highest common factor of 3874 and 8571914.
26
What is the highest common factor of 15762 and 5217?
111
Calculate the highest common factor of 78624 and 16407846.
4914
What is the greatest common factor of 373055 and 4685?
5
What is the greatest common divisor of 6387 and 8919?
3
Calculate the greatest common factor of 116485235 and 5.
5
What is the highest common divisor of 48 and 257686056?
24
What is the highest common divisor of 822355 and 1310?
5
What is the highest common divisor of 5239 and 845494?
403
What is the highest common divisor of 11134 and 434812?
586
What is the greatest common divisor of 6304824 and 2376?
216
What is the highest common divisor of 21179205 and 20520?
2565
Calculate the greatest common divisor of 5203 and 1190541.
473
What is the highest common factor of 4797156 and 150052?
644
Calculate the greatest common divisor of 8238 and 9970726.
2746
Calculate the highest common divisor of 8267 and 12561116.
1181
Calculate the greatest common factor of 3906 and 5443290.
558
Calculate the greatest common divisor of 63396914 and 2198.
2198
Calculate the highest common factor of 68 and 1117652.
4
What is the highest common factor of 16058578 and 853?
853
Calculate the greatest common divisor of 11 and 255789105.
11
What is the greatest common divisor of 1388371 and 62009?
1051
Calculate the highest common factor of 2889 and 2054828.
107
What is the greatest common divisor of 205983 and 1395630?
81
What is the greatest common factor of 129856770 and 1692?
846
What is the highest common factor of 2414 and 219973336?
2414
What is the highest common divisor of 505 and 46835013?
101
What is the highest common factor of 358 and 4740815?
179
Calculate the highest common factor of 41 and 5043697.
41
What is the highest common factor of 534 and 148599028?
178
Calculate the greatest common factor of 204 and 74002360.
68
What is the greatest common divisor of 70098 and 334838118?
10014
What is the greatest common divisor of 7